*14 + 18670/s?
6
Suppose 1395 = 8*f + 331. Suppose f = 2*d - 179. Let c = d + -79. What is the units digit of c?
7
What is the ten thousands digit of (458/(-3))/((-502)/85089)?
2
Suppose 143*a + 88245 = 148*a. What is the hundreds digit of (-12)/(-21) + a/21?
8
Let v(t) = -t**3 + 7*t**2 - 9*t - 5. Let i be v(5). Suppose i = -2*c - 12*c + 966. Let b = c + 51. What is the hundreds digit of b?
1
Let q = 11751 - 6618. What is the hundreds digit of q?
1
Let k(q) = 5*q**2 + 28*q + 28. Let n be k(-18). Suppose -n = -11*t - 2*t. What is the tens digit of t?
8
Let d(m) = -3*m**2 + m - 5. Let o be d(-3). Let l be (84/o)/((-2)/15). Suppose 2*j + g = -4*g + 40, -j + l = 3*g. What is the units digit of j?
0
What is the hundreds digit of 4/4 - (-20771)/3 - (-60)/45?
9
Suppose -13*o + 27450 = -2*o - 9*o. What is the ten thousands digit of o?
1
Let v be (12 - 13/13)*1. Let j(a) = -a**3 + 11*a**2 - 3*a - 21 + 15*a + 2*a. What is the units digit of j(v)?
3
Let m = -456 - -462. What is the units digit of -368*m/((-48)/8)?
8
Let x(u) = -21660*u - 968. What is the tens digit of x(-1)?
9
Suppose -5*w - i + 91 = 0, -i - 1 = 3*w - 54. Suppose 0 = w*p - 1844 - 4008. What is the tens digit of p?
0
Let z = 3564 + -1583. What is the tens digit of z?
8
Let t = -56 - -61. Suppose 0 = -u + 1, 2*u = -t*k + 94 - 407. What is the units digit of (k/(-5))/(8/40)?
3
Let l = -28278 - -42093. Suppose 0 = 21*q + 1089 - l. What is the tens digit of q?
0
Let i = -976 + 3346. Suppose -3*h + 7053 = i. What is the units digit of h?
1
Let p(g) = -31*g**3 + 28*g**2 - 22*g + 52. What is the units digit of p(-11)?
3
What is the hundreds digit of (-7)/((-280)/119950)*9/(63/28)?
9
Suppose 4*x = 3*f - 248, 2*x + 36 = 3*f - 208. Let v = f - 75. What is the units digit of (-1624)/(-35)*v/2?
6
Let k = 26 + -23. Let w be ((-32)/12 + 4)*k. Suppose 100 = 4*l + w*j, -5*j = l + 2*l - 65. What is the units digit of l?
0
Let z(h) be the second derivative of -h**3 - 25*h**2/2 + 18*h. Let y be z(-5). Suppose 0 = -o - 0*g - 2*g + 86, -y*g = o - 95. What is the tens digit of o?
8
Let c(s) = 9*s**2 - 3*s - 6. Let p be c(-8). Let z(n) = -60*n**2 + 60*n - 9. Let y be z(3). Let a = y + p. What is the units digit of a?
5
Let p(b) be the third derivative of 31*b**5/60 - 29*b**4/24 - 3*b**3 + 111*b**2. What is the hundreds digit of p(-5)?
9
Let l(x) = 54*x**2 - 36*x - 235. What is the thousands digit of l(-8)?
3
Let p(z) = z**3 + 4*z**2 + 3*z + 5. Let m be p(-3). Suppose 3*t - 185 - 374 = m*u, 5*t - u - 917 = 0. What is the tens digit of t?
8
Let z(k) = 989*k + 1107. What is the thousands digit of z(8)?
9
Let b(x) = x**3 + 33*x**2 + 56*x - 112. What is the hundreds digit of b(-29)?
6
Let q = 189 + -289. Let w be ((-36)/(-10))/((-40)/q). What is the units digit of 74/((-3)/(w/(-6)))?
7
Let g be 5 - -6*(-14)/21. Let h(u) = -38*u - 2. Let r(a) = -645*a - 35. Let x(k) = -35*h(k) + 2*r(k). What is the tens digit of x(g)?
4
Suppose -2 = -4*x + 4*h + 42, 71 = 4*x + 5*h. Suppose 5*c = x*c - 765. What is the units digit of c?
5
Suppose 2*t + 3744 = 2*r, 5*t - 4*r + 2862 + 6498 = 0. Let o = t - -3048. Suppose -l + 13*l - o = 0. What is the tens digit of l?
9
Let z(r) = 488*r**2 - 76*r + 94. What is the thousands digit of z(7)?
3
Let p be (-2)/(-6) - 3/(0 - -9). Suppose p = -w + 2*f + 4, -5*f = -4*w - 3*f + 10. Suppose w = v - 1. What is the units digit of v?
3
What is the thousands digit of (-11 - (10 + -9 + -11))*-8422?
8
Let m be (-2)/33*-9897 - (-4)/22. Suppose -s + m = 4*s. Let b = s + -9. What is the units digit of b?
1
Let i be -2 + 2 + 20*1. Let f be ((-290)/i)/(2/(-12)). Let l = f - 13. What is the tens digit of l?
7
Let h be 2 + 2 - (64/8)/8. Suppose -2133 = -5*c - h*s, 0 = -4*c + 4*s + 2358 - 626. What is the units digit of c?
9
Let n = -46315 - -74312. What is the hundreds digit of n?
9
Let s(u) = 1108*u - 1663. What is the tens digit of s(12)?
3
What is the units digit of ((-10)/3)/(32/(-15984) - 0)?
5
What is the tens digit of 69764/(-321)*30/(-8)?
1
Let b = 29846 + -21181. Suppose 25*r - b = 13285. What is the hundreds digit of r?
8
Let g = -58 - -58. Suppose 5 = 2*q + p, 2*q + p + p - 6 = g. Suppose -q*f + s + 120 = 0, -5*s = -2*f - 0*f + 112. What is the tens digit of f?
6
Suppose -13*o - 176 + 982 = 0. Let f = 446 - o. What is the hundreds digit of f?
3
Suppose -141*g + 83*g = -76270. What is the tens digit of g?
1
Let h(t) = 17740*t**2 + 347*t - 690. What is the thousands digit of h(2)?
0
Let f(z) be the second derivative of -47*z**3/6 - 3*z**2/2 - 2*z + 15. What is the units digit of f(-6)?
9
Suppose 0 = -c + 5*d + 565, c - 5*d + 1205 = 3*c. Suppose 10*y - c - 30 = 0. What is the tens digit of y?
6
Suppose 24 = -15*a + 69. Suppose -5*g + 270 = -5*y, 2*g + 5*y - 250 = -a*g. What is the units digit of 1*(-2)/4 + 6266/g?
0
Suppose -5 = -u - u - 5*h, h - 47 = -5*u. What is the tens digit of 66759/105 - 8/u?
3
Let c be 3 + 1*(-3 - -90). Let w = -52 + c. What is the tens digit of w + (-5 - -2) - -2?
3
Let d(b) = 19*b**2 + 5*b - 34. Let c be d(4). Let m = c - 254. What is the units digit of m?
6
Let n be 1/3*(-5 - 12/3). Let k(h) = -h - 8. Let z be k(n). What is the units digit of (-16)/(-2 + z/((-10)/3))?
2
Suppose -106*y - 29337 = -67*y - 50*y. What is the units digit of y?
7
Let y be 4/(-14) - (-46)/14. Let t be (-9 + 369)*4/6. Suppose a - 3*s = 4*a - t, -3*s - 264 = -y*a. What is the tens digit of a?
8
What is the thousands digit of 164990/(-56)*(-4 - (-372)/(-15))?
4
Suppose -22*x - 35940 = -190688. What is the units digit of x?
4
Suppose 3*z - 7 = 5*x + 9, 4*z = 5*x + 18. Let w be 1 - 1315/(-10)*z. Suppose -19*n - w = -23*n. What is the units digit of n?
6
Let a be -3 + (3 - 2) + 11. Let d be (4/a)/((-28)/(-126)). Suppose -370 = -d*f - 4*q, -5*f + 2*f + 585 = -4*q. What is the tens digit of f?
9
Let s be (26 + -23)*(-1)/(-3). Suppose i - 17 = s. Suppose 4*o + i = 70. What is the tens digit of o?
1
Let n be (72/(-20))/(10/(-1775)). Suppose -2*m - 4*z + 853 = -n, 0 = -5*m + 4*z + 3716. What is the units digit of m?
4
Let o be -6 + (-5 + -25)/(-5). Suppose -4*i = 2*p - o*i - 668, -338 = -p + 2*i. What is the hundreds digit of p?
3
What is the ten thousands digit of 3 + -2 + 2 - (-8)/(8/22651)?
2
Suppose 7*i + 2522 = 7849. What is the units digit of i?
1
Suppose 5*q + 68817 = 34*q. What is the units digit of q?
3
Let r = 9864 + 1544. What is the units digit of r?
8
Let k(b) = 41*b + 72. Let r be k(-3). Let p = 237 + r. What is the units digit of p?
6
Let h = 10795 - -5348. What is the hundreds digit of h?
1
Suppose 4*h - 6 = c, 5*h - 10 = -4*c + 29. What is the units digit of c*((-246)/(-12) + 3)?
1
Let w = 0 + -28. Let u = 32 + w. Let d(g) = 6*g**2 - 8*g. What is the units digit of d(u)?
4
Let r = 4 + -7. Let m(v) be the second derivative of -3*v**5/20 + v**4/6 + 5*v**3/6 + 3*v**2 + 1009*v. What is the tens digit of m(r)?
9
Suppose -77*b - 36178 + 542992 = 0. What is the hundreds digit of b?
5
Let y(a) = -2*a**3 - 30*a**2 - 40*a - 435. What is the hundreds digit of y(-22)?
2
Let p(y) = y**3 - 13*y**2 - 19*y + 9. Let c be p(15). Suppose -8*h + c = -178. Suppose 113*w = 114*w - h. What is the units digit of w?
4
What is the units digit of 4/(2 + -3) + -38 + 10417?
5
Suppose -3*c + 5 = 20. Let x be (-1)/c + (-833)/(-85). Let z = 54 - x. What is the units digit of z?
4
Let b(o) = 4*o**2 + 5*o - 188. What is the ten thousands digit of b(80)?
2
Suppose 135*v + 42*v - 2439931 = 348527. What is the units digit of v?
4
Let p(a) = -5*a**2 - 15*a + 22. Let x(v) = -9*v**2 - 28*v + 43. Let c(s) = -11*p(s) + 6*x(s). Let i be 10 - ((1 - -1) + 0). What is the units digit of c(i)?
6
Let h(i) = 5*i**3 - 1 + 7 + 5*i - 17*i**2 + i + 0*i. What is the hundreds digit of h(5)?
2
Let h(f) = 4*f**2 - 11*f - 23. Let i = 415 - 432. What is the hundreds digit of h(i)?
3
Let u(f) = 33*f**3 + 2*f**2 + 1. Let r be u(2). Suppose 4 = 6*s - 26. Suppose s*v - r = 242. What is the tens digit of v?
0
Let p(w) = 382*w**2 - 49*w + 19. What is the units digit of p(5)?
4
Let c(q) = 9613*q**2 + 423*q + 422. What is the hundreds digit of c(-1)?
6
Let n be (8*-1 + 64/16)*-1. Suppose 3*s = -3*w + 1923, 4*w = n*s + 725 - 3297. Suppose -7*u + s = -562. What is the hundreds digit of u?
1
Let c = -2001 - -4148. What is the tens digit of c?
4
Let o(l) = -